Is q a composite number?
True
Suppose -6*u - 4*o - 10 = -5*u, 0 = -2*u + 3*o + 24. Suppose d + 25 = u*d. Suppose -d*q - 2*p = -3*q - 120, q = -2*p + 62. Is q a prime number?
False
Let s(u) = u**3 + 6*u**2 + 5*u. Let n be s(-5). Suppose 0*d = -5*d + 7415. Suppose n = -4*h - g + 1182, -h + d = 4*h + 4*g. Is h prime?
False
Suppose -4*f = 1675 - 13431. Is f a prime number?
True
Let q(n) = n**2 - 3*n - 3. Is q(-6) composite?
True
Let m = 1039 + -1823. Let z = m + 1497. Is z a prime number?
False
Is 694/6 - (-8)/(-12) prime?
False
Suppose 3 = -f - 2*t, 2*f = -0*f + 5*t - 42. Let x = f - -24. Is x composite?
False
Let d be 1 + (10 - -1)*-1. Let s be 5/d*5*-2. Is ((-6)/s)/((-6)/45) prime?
False
Let m(d) = 7*d**2 + 3. Let a(x) = 1. Let f(k) = -3*a(k) + m(k). Let g = 2 + -1. Is f(g) composite?
False
Suppose -1 + 4 = -3*c. Let s = 78 + c. Is s a prime number?
False
Let h(u) be the first derivative of u**3/3 - 3*u**2/2 + u + 2. Let g be h(4). Is g*(-2)/(2/(-3)) composite?
True
Is -87*1/(1 + -2) a composite number?
True
Let u = -27 - -64. Is u a composite number?
False
Let q be 103 - ((-2)/(-1) - 0). Let l = -32 + q. Suppose 110 = 3*w + 2*w - 5*p, 3*w - 4*p - l = 0. Is w a composite number?
False
Suppose 4*w = -2*i + 3170, w + 4*i - 779 = -i. Is w a composite number?
True
Is (-7)/21 - (-418)/3 a prime number?
True
Let t(o) = 111*o**2 + 2*o + 3. Suppose -7 = 3*d - 1. Is t(d) composite?
False
Let r be (-1)/(-2) - (-27)/18. Suppose -r*w + 42 = w. Is w composite?
True
Suppose -5*n + 568 = -387. Is n a composite number?
False
Let i(m) = m**3 - 9*m**2 + 9*m - 10. Let q(r) = 7*r**3 + 2*r**2 - r. Let u be q(1). Let z be i(u). Is (8 + z)/(-3) - -25 prime?
True
Let l(z) = -168*z - 15. Is l(-2) composite?
True
Let x(m) = -88*m - 27. Is x(-10) a composite number?
False
Is (-4)/(-26) - 15309/(-117) composite?
False
Let u(j) be the first derivative of -5*j**2 - j + 4. Is u(-2) composite?
False
Suppose 0 = -3*h - 5*d + 347, 5*h + 0*d - 603 = 4*d. Is h composite?
True
Suppose 4*k + 5*j + 99 = 0, -k - 2*j - 5 = 16. Let b = 50 + k. Is b prime?
True
Let w = -46 + 27. Let d = w - -31. Let y = d - 8. Is y prime?
False
Suppose 0 = -2*f + u + 9, -5*f = -u - 7 - 14. Suppose -2*i + 46 = 4*w, -5*w + 2*w - 136 = -f*i. Suppose p - i + 9 = 0. Is p a composite number?
True
Let f be 1/2 + 9/6. Suppose 0 = -3*d - f*d - 5. Let v(p) = -3*p**3 - p - 1. Is v(d) a composite number?
False
Let k(q) = 2*q - 2. Let j(w) = -10*w + 10. Let l(z) = -2*j(z) - 11*k(z). Let x be l(-2). Suppose -x*i + 63 = -3*i. Is i prime?
False
Suppose 0 = -5*f + 3*f + 10. Suppose -89 = -f*n - 14. Is n composite?
True
Suppose 3*u + 5*a - 1718 = 0, u = -4*u - 5*a + 2880. Is u a composite number?
True
Let m be 4 - 6 - -356 - 0. Suppose -m = -y - y. Is y a composite number?
True
Is 467/15 + (-8)/60 a prime number?
True
Suppose 5*g = -3*w - 172, -w + 106 = -3*g - 0*w. Let h be 4/14 - (-80)/g. Is h/(-9) + (-2397)/(-27) prime?
True
Let q(v) = v**3 - 8*v**2 + 7*v + 5. Let o be q(7). Suppose -2*j + 33 = 5*h - 5*j, h = -o*j + 1. Is h a composite number?
True
Let b(z) = 5*z**3 - 2*z**2 - z + 3. Let c = 59 + -38. Let r be (-1)/(-2 - c/(-12)). Is b(r) prime?
False
Let w = 1011 - 351. Suppose 4*i + 3*u - 632 = 0, 4*i - w = 2*u + 2*u. Is i a composite number?
True
Let x(z) be the third derivative of -z**8/20160 - z**7/560 + z**6/72 - z**5/15 + 3*z**2. Let s(n) be the third derivative of x(n). Is s(-9) a composite number?
True
Let f(t) = -481*t**3 + t**2 + 4*t + 3. Is f(-1) a prime number?
False
Let b(n) = -n**3 + 9*n**2 - 4*n + 8. Let u be b(9). Let j = -15 - u. Is j a prime number?
True
Suppose 3*a + 2*j - 5616 = 0, 0*j + 5619 = 3*a + j. Is a composite?
True
Let r = 74 - 11. Let p = -44 + r. Is p a composite number?
False
Let d(p) = -p**3 + 5*p**2 + 2*p - 4. Let h(a) = a - 13. Let y be h(0). Let m = 18 + y. Is d(m) composite?
True
Let q(p) = 124*p**2 - 2*p + 1. Is q(2) a composite number?
True
Suppose j = -4*m - 3, 4*m = -2*j - 2*j + 24. Let a(c) = 28*c + 7. Is a(j) prime?
False
Suppose -2*j - 3 = -j, 2*j = -2*r + 298. Let u = 23 + -19. Is u/6 - r/(-24) composite?
False
Suppose -4*w - 6 = 2*t, 4*t - 5*w - 25 = 3*t. Suppose -a + 8 = 2*f, 18 + 17 = -5*a + t*f. Let l = a - -17. Is l a prime number?
False
Let u(p) = -p. Let f(w) = -w**2 - 2*w + 1. Let c be f(-3). Let t be u(c). Suppose 0 = 3*l + 3*m - t*m - 288, -3*m = 9. Is l composite?
False
Let f(l) be the second derivative of -l**5/60 - 7*l**4/24 - l**2 - l. Let n(k) be the first derivative of f(k). Is n(-5) prime?
False
Suppose -5*q = r - 0*q - 14, q = 4*r + 7. Let w be 1*r*5/(-1). Suppose -u = -w*u + 564. Is u a prime number?
False
Suppose 0 = 2*i + 4*k - 602, i + 888 = 4*i + k. Is i prime?
False
Let v(c) = c**3 - c**2 - c. Let i be v(2). Suppose 0*g + g = i. Suppose f - 3*j = 55, -g*f + 2*j + 126 = -0*j. Is f composite?
False
Is (2 + (-7372)/(-8))/((-2)/(-4)) prime?
True
Suppose 2 + 13 = 3*k, -5*k = 5*o - 220. Suppose -4*u + 18 + 46 = 0. Suppose u = 4*l, -5*l + o = v - 72. Is v prime?
False
Let r(l) = -l**2 - 7*l + 2. Let m be r(-7). Suppose -167 = -3*i - 4*h, 0*i = 5*i + m*h - 269. Is i a composite number?
False
Let k = -10 - -11. Let c be (10*(3 - k))/1. Suppose g + 3*x = 4*x + c, g + 2*x = 26. Is g composite?
True
Let j(c) = 6*c**2 - 9*c - 2. Suppose 4*k + 5*v + 46 = 0, 3*v + 0 = k + 3. Is j(k) a composite number?
True
Let d(v) = 40*v + 47. Is d(21) a composite number?
False
Suppose -4*o - 33 - 43 = 0. Let l = -9 - o. Is l prime?
False
Suppose -5*s + 10 = -3*s. Suppose -s*y + 430 = -135. Is y a composite number?
False
Let s be (-6)/(-1)*(-708)/(-24). Suppose 4*p - 5*b = s, -b - 4*b = -2*p + 101. Is p composite?
True
Let a(q) = 37*q**2 - 3*q + 1. Let s be a(-4). Suppose 0 = -5*w + s + 1395. Is 4/12 - w/(-6) a prime number?
True
Let h(l) = 2*l**2 - 4*l**2 + 11*l + 0*l**2 - 8. Let g be h(7). Let d = g + 42. Is d prime?
True
Suppose -c + 2*c = 5*v - 2946, 3*v = 3*c + 1770. Suppose -v = -4*l + 423. Is l prime?
False
Let s(t) = 3*t**3 + 2*t**2 - 4*t + 4. Let h be s(-4). Suppose 5*x + 666 = -3*y, 5*y = 3*x - 0*x - 1076. Let c = h - y. Is c a prime number?
False
Suppose 8867 = 13*n - 7760. Is n a composite number?
False
Let v(h) = 26*h**3 + 2*h**2 - 4*h + 3. Is v(2) composite?
False
Let c = -67 - 7. Let g = -23 - c. Is g prime?
False
Let u = 350 - 13. Is u composite?
False
Is (-6)/(-21) - 95/(-35) a prime number?
True
Let l(j) be the second derivative of j**4/2 - j**3/3 - 3*j. Let m be l(-4). Suppose m = y + 7. Is y a composite number?
False
Is (-3972)/(-15) + (-6)/(-30) a composite number?
True
Let w(o) = 45*o**2 - o - 1. Let j be w(-2). Let r = -23 + j. Let v = r - 45. Is v composite?
False
Suppose 0*k + 3 = k. Let o(m) = -6*m - 2 - k + 3*m. Is o(-4) composite?
False
Let p(n) = n**3 + 21*n**2 + 16*n - 7. Is p(-18) composite?
False
Let p be 67/(-3)*(3 - 6). Is p + 0/((-2)/2) a prime number?
True
Suppose -3*f + 4865 = -6*x + 4*x, -x = 2*f - 3248. Is f prime?
False
Let x be (-2 - 0/(-3))*1. Let q = x - -2. Suppose q = -3*r + o + 163, 3*o = -0*r - 4*r + 200. Is r prime?
True
Let u = -2190 + 3259. Is u prime?
True
Suppose 4*u + 88 = -4*y, 0*u + 84 = -4*u - 5*y. Let t = u - -73. Is t a prime number?
True
Is -2 + 0/(-1) - (-1016 - -11) a composite number?
True
Is (6143/(-3))/((-2)/6) a prime number?
True
Suppose -5*v + 4880 = 5*o, 2*v - o = -5*o + 1950. Is v a prime number?
True
Let s(m) = m**3 - 5*m**2 + 2. Let u be s(5). Suppose 0 = -u*b - 3*b + 715. Is b prime?
False
Let r(f) = 15*f + 7. Is r(6) a prime number?
True
Let n = -27 - -18. Let z be ((-4)/12)/(1/n). Suppose z*m - 252 = 129. Is m composite?
False
Suppose -p - 592 = -5*p. Suppose -2*w = -6*w + p. Is w prime?
True
Is 24 + (3 - 1 - 3) a composite number?
False
Let j = -7 + 13. Let m be -6*10*3/j. Is (22/(-4))/(3/m) composite?
True
Let g(z) = 6*z**3 + 3*z**2 - 1. Is g(2) a prime number?
True
Suppose -39 + 15 = -6*j. Let x(y) = 2*y**2 + 4*y - 9. Is x(j) a composite number?
True
Let s = 446 - -467. Is s a composite number?
True
Suppose 4*u + 32 = -4*s + 2*u, -s - 4*u = 22. Is (-6)/(-3)*(-201)/s a prime number?
True
Let c(r) = 5*r**3 + 3*r**2 - 2*r - 1. Let x(p) = -19*p**3 - 13*p**2 + 7*p + 4. Let g(s) = 9*c(s) + 2*x(s). Is g(3) a composite number?
True
Suppose -5*h + 6*h = 3*p - 299, -h = -4*p + 398. Suppose -348 = -3*u - p. I